m**2 + 171*m - 2192. What is f(9)?
-5
Let w(d) = -2*d**3 - 24*d**2 + 84*d - 87. What is w(-15)?
3
Let q(i) = -7*i + 1. Calculate q(2).
-13
Let u(r) = 7*r**2 - 19*r + 55. Calculate u(10).
565
Let p(a) = 409*a + 5326. Determine p(-13).
9
Let u(w) = -3*w - 110. Calculate u(-27).
-29
Let i(m) = 23*m - 310. Calculate i(12).
-34
Let s(k) = 7*k**2 - 178*k + 173. Determine s(24).
-67
Let a(z) = -2*z**3 - 12*z**2 + 56*z - 2. Calculate a(-9).
-20
Let b(y) = -y**2 - 105*y + 2801. What is b(-127)?
7
Let u(y) = 117*y - 827. Calculate u(7).
-8
Let a(t) = -732*t**2 - 3*t + 3. Give a(0).
3
Let g(n) = 1049*n - 11532. Give g(11).
7
Let l(c) = 2494*c + 9919. Determine l(-4).
-57
Let m(b) = -236*b + 1425. Determine m(6).
9
Let l(r) = -r**3 + 20*r**2 + 30*r + 288. Calculate l(22).
-20
Let m(t) = 7*t - 15. Calculate m(-8).
-71
Let t(j) = -j**3 - 21*j**2 + 260*j + 4921. Give t(-23).
-1
Let d(o) = -109*o + 1036. Give d(9).
55
Let b(a) = a**3 - 222*a**2 - 866*a - 8566. What is b(226)?
22
Let q(r) = r**3 + 5*r**2 - 24*r - 100. Calculate q(-6).
8
Let h(d) = d**3 - 13*d**2 - 17*d - 48. Calculate h(15).
147
Let j(p) = p**2 - 378*p + 35400. Determine j(207).
3
Let r(x) = x**2 - 99*x - 5099. Determine r(136).
-67
Let o(p) = 123*p - 1611. Determine o(13).
-12
Let c(k) = k**3 - 16*k**2 - 21*k + 8. Determine c(17).
-60
Let d(z) = z**2 - 58*z + 708. Calculate d(21).
-69
Let n(s) = 569*s - 1117. What is n(2)?
21
Let v(x) = 5197*x - 46780. Give v(9).
-7
Let h(f) = -260*f - 2696. What is h(-10)?
-96
Let i(f) = -7*f**2 - 9*f + 4. What is i(-2)?
-6
Let j(p) = 16*p**2 + p. Give j(3).
147
Let v(t) = 31*t + 864. Give v(-16).
368
Let y(c) = 20*c**2 - 958*c - 95. Determine y(48).
1
Let b(g) = -2*g**3 + 29*g**2 + 20*g - 67. Calculate b(15).
8
Let j(b) = 2*b**2 - 14*b + 47. Determine j(6).
35
Let b(t) = 9*t**3 - 64*t**2 + 13*t - 19. Determine b(7).
23
Let k(t) = 11*t - 104. Determine k(7).
-27
Let i(w) = -2*w**2 + 45*w + 65. Calculate i(24).
-7
Let f(x) = 66*x + 18. Give f(-4).
-246
Let m(w) = w**3 - 3*w**2 - 14*w - 37. Calculate m(-7).
-429
Let g(f) = f**2 - 2*f. Determine g(-4).
24
Let r(j) = j + 17. What is r(-47)?
-30
Let c(h) = 3*h + 121. What is c(-58)?
-53
Let p(z) = -159*z + 8579. What is p(54)?
-7
Let d(t) = 28*t - 843. What is d(32)?
53
Let q(k) = k**3 + 43*k**2 + 12*k + 564. What is q(-43)?
48
Let i(t) = 66*t**2 - 171*t - 1. Determine i(3).
80
Let y(v) = 2*v**3 - 53*v**2 - 31*v + 90. Determine y(27).
-18
Let c(b) = -37*b**2 - 8*b + 5. Give c(0).
5
Let i(s) = -6*s**2 + 12*s + 13. What is i(6)?
-131
Let j(i) = i**2 - 76*i - 13960. Give j(162).
-28
Let q(v) = 7*v**2 + 3*v - 7. Give q(-4).
93
Let t(g) = -3*g**3 - 114*g**2 + 10*g + 438. Determine t(-38).
58
Let q(b) = b**2 + 128*b + 1877. Give q(-17).
-10
Let h(l) = l**3 + 16*l**2 + 26*l + 70. Determine h(-15).
-95
Let n(m) = -7*m**2 + 3*m + 16. What is n(3)?
-38
Let z(t) = -8*t + 630. Determine z(58).
166
Let o(y) = 1390*y + 86181. Calculate o(-62).
1
Let j(r) = 4*r**2 - 473*r + 343. Calculate j(117).
-242
Let t(y) = -y**3 - 10*y**2 + y + 38. Calculate t(-9).
-52
Let h(v) = v**2 - 20*v. What is h(20)?
0
Let u(s) = -2*s**2 - 129*s - 1140. Determine u(-9).
-141
Let j(s) = -5*s**2 - 4*s + 112. Give j(5).
-33
Let p(a) = a**3 - 13*a**2 + 29*a - 103. Give p(11).
-26
Let i(h) = -126*h**2 + 133*h - 1. Calculate i(1).
6
Let u(p) = 6*p**2 - 7*p + 641. Determine u(0).
641
Let s(i) = 2*i**2 - 68*i - 379. What is s(39)?
11
Let l(r) = -r**3 - 15*r**2 + 9*r + 78. Determine l(-16).
190
Let i(l) = -l**2 - 81*l - 1340. What is i(-21)?
-80
Let i(j) = 2*j**2 + 161*j - 1232. What is i(7)?
-7
Let g(q) = 137*q + 2472. Determine g(-18).
6
Let c(z) = 45*z + 48. What is c(-5)?
-177
Let g(h) = h**3 + 6*h**2 + 7. Calculate g(0).
7
Let n(h) = -22*h**2 - 28*h + 158. Give n(-4).
-82
Let k(z) = -3*z**3 - 17*z**2 - 27*z - 81. Calculate k(-5).
4
Let v(i) = 14*i**2 + 249*i - 249. Calculate v(1).
14
Let j(z) = -3*z**3 - 39*z**2 - 6*z + 365. What is j(-12)?
5
Let i(m) = -6*m**2 - 309*m + 148. What is i(-52)?
-8
Let o(a) = -a**3 + 41*a**2 + 22*a - 866. Determine o(41).
36
Let r(t) = -6*t**2 + 38*t + 13. Determine r(6).
25
Let g(l) = 8*l**2 - 3*l + 42. Give g(5).
227
Let y(s) = 500*s - 2499. What is y(5)?
1
Let a(i) = i**3 + 44*i**2 + 117*i - 266. Determine a(-41).
-20
Let f(b) = -2*b**3 + b**2 - 10*b + 106. What is f(0)?
106
Let k(a) = -23*a**3 + 88*a + 86. Give k(-1).
21
Let r(i) = 8*i**2 - 34*i + 157. What is r(4)?
149
Let r(n) = 4*n**3 - 19*n**2 - 13*n - 6. Determine r(5).
-46
Let p(z) = 142*z**3 - z**2 + 14*z - 14. Give p(1).
141
Let q(h) = -h**2 - 2*h + 398. What is q(-31)?
-501
Let b(w) = 4*w - 463. What is b(113)?
-11
Let c(q) = -64*q - 1398. Determine c(-21).
-54
Let i(v) = -v**3 - 19*v**2 + 54*v + 341. What is i(5)?
11
Let n(o) = -86*o - 3695. Determine n(-43).
3
Let l(a) = a - 40. Calculate l(25).
-15
Let i(w) = 272*w**2 - 1092*w + 2. What is i(4)?
-14
Let w(q) = q**3 + 43*q**2 - 42*q + 32. Calculate w(-44).
-56
Let k(m) = m**3 + 15*m**2 + 180*m + 1433. Give k(-11).
-63
Let l(q) = 506*q - 12146. Determine l(24).
-2
Let p(w) = w**2 - 43*w - 600. Give p(-12).
60
Let f(q) = 3075*q**2 + 86100*q + 3. Determine f(-28).
3
Let i(l) = -l**3 + 10*l**2 + 233*l - 23. What is i(21)?
19
Let r(v) = -16*v**2 + 130*v - 16. What is r(8)?
0
Let p(c) = -7*c**2 + 923*c - 654. Calculate p(131).
132
Let k(l) = -8*l + 49. What is k(5)?
9
Let h(g) = -g - 20. Calculate h(-35).
15
Let a(l) = -l**3 + 138*l**2 - 256*l - 2173. Determine a(136).
3
Let z(f) = -36*f**2 + 52*f + 20. Calculate z(2).
-20
Let j(t) = 2*t**3 + t**2 - 4*t + 8. Give j(4).
136
Let p(n) = -n**3 - 40*n**2 - 2*n + 160. What is p(-40)?
240
Let c(m) = -12*m**2 - 16*m - 4. What is c(-3)?
-64
Let q(j) = 2190*j - 13146. Determine q(6).
-6
Let a(p) = -269*p + 719. What is a(2)?
181
Let g(o) = -o**3 - 117*o**2 - 3214*o - 147. Determine g(-73).
-1
Let d(w) = -2*w**2 - 35*w - 110. Give d(-14).
-12
Let o(f) = 2*f**3 - 65*f**2 + 10*f - 1455. What is o(33)?
-36
Let d(l) = 19*l**2 + 56*l + 168. Calculate d(-4).
248
Let n(c) = 14*c**2 + 136*c - 191. Calculate n(-11).
7
Let v(j) = -j**3 + 96*j**2 - 370*j + 307. Determine v(92).
123
Let h(v) = -v**2 - 212*v + 7533. Calculate h(31).
0
Let r(l) = -l**3 - 18*l**2 + 13*l + 195. Calculate r(-18).
-39
Let g(b) = -102*b**3 - b**2 - 16*b + 17. Determine g(1).
-102
Let x(p) = -p**3 + 11*p**2 - 8*p + 130. Calculate x(11).
42
Let m(s) = s + 271. What is m(16)?
287
Let o(w) = w**2 - 84*w + 1514. Determine o(26).
6
Let n(p) = -7*p**2 - 37*p + 5. Determine n(-8).
-147
Let h(g) = 20*g**2 - 60*g - 79. Give h(-1).
1
Let z(i) = -124*i + 134. Calculate z(2).
-114
Let h(x) = x**3 + 10*x**2 - 50*x + 54. Calculate h(5).
179
Let s(v) = 16*v**3 + v**2 + 84*v - 172. What is s(2)?
128
Let u(j) = 51*j**2 + 943*j - 51. Calculate u(-18).
-501
Let g(l) = l**3 - 15*l**2 - 30*l - 56. Calculate g(17).
12
Let x(s) = -112*s - 105. Determine x(-1).
7
Let j(u) = -3*u**3 - 13*u**2 - 28*u - 84. What is j(-4)?
12
Let j(v) = -583*v + 599. Calculate j(1).
16
Let a(p) = -43*p + 1068. Give a(23).
79
Let w(t) = -68*t**3 - t**2 + 21*t - 20. Determine w(1).
-68
Let o(k) = 19*k + 11. Calculate o(-8).
-141
Let f(x) = -x**3 - 11*x**2 + 513*x + 168. Determine f(18).
6
Let d(f) = -196*f + 1896. What is d(10)?
-64
Let a(s) = 83*s + 3727. Give a(-45).
-8
Let m(v) = v**2 + 46*v - 5553. Determine m(55).
2
Let x(i) = -84*i - 224. Give x(-2).
-56
Let w(v) = v**3 - 8*v**2 + 3*v + 11. Determine w(8).
35
Let n(s) = s**2 + 432*s - 6245. Give n(14).
-1
Let q(m) = -2*m**3 - 27*m**2 + 33*m + 263. Determine q(-14).
-3
Let c(z) = 11*z + 601. What is c(-72)?
-191
Let y(j) = -27*j - 1499. What is y(-57)?
40
Let c(l) = 520*l + 10415. Give c(-20).
15
Let j(r) = r**3 - 70*r**2 + 325*r + 33. What is j(65)?
33
Let f(b) = 2*b**2 - 203*b + 600. Determine f(3).
9
Let n(b) = 1888*b + 9436. Calculate n(-5).
-4
Let x(k) = k**2 - 123*k + 368. Calculate x(3).
8
Let p(r) = r**3 + 35*r**2 - 79*r + 117. Calculate p(-37).
302
Let a(o) = 12*o**2 + 8*o - 8. Give a(1).
12
Let y(f) = 3*f**2 - 9*f - 118. What is y(-5)?
2
Let v(r) = -185*r + 1971. Determine v(11).
-64
Let c(a) = 5*a**2 - 342*a + 582. Calculate c(67).
113
Let y(v) = -2*v**3 - 9*v**2 - 6*v + 12. What is y(-5)?
67
Let f(q) = q**3 + 31*q**2 + 84*q + 12. Calculate f(-28).
12
Let z(x) = 2*x**2 + 472*x + 3221. G